b + 4. Let y = 283 + -275. Let r be x(y). Calculate the greatest common divisor of o and r.
20
Suppose -114*k = -118*k + 4080. Suppose 20*i = -0*i + k. Calculate the greatest common factor of i and 9.
3
Let v(b) = 86*b - 1246. Let z be v(23). Calculate the greatest common factor of 156 and z.
12
Let r(f) be the second derivative of f**5/10 + 5*f**4/3 - 2*f**3/3 + 11*f**2/2 + 10*f + 2. Let q be r(-10). Calculate the greatest common divisor of q and 51.
51
Let j(m) = 10*m**2 + 65*m - 233. Let n be j(-19). Calculate the highest common factor of 819 and n.
63
Let l be (36/6 + -12)/(42/(-126)). What is the greatest common factor of l and 10068?
6
Suppose -18*d + 11*d = -28. Suppose -140 = -r - m, r - 4*r + d*m + 455 = 0. Let f = r - 40. Calculate the highest common divisor of f and 15.
15
Let f be 2/(-11) + 92/22. Suppose -f*k = -10*k + 162. Let q = 42 - k. What is the greatest common divisor of q and 15?
15
Let j be 4/(-16) + (-18)/(-8). Suppose 337 = 30*g - 1343. Suppose -10 = -3*i + g. Calculate the greatest common divisor of j and i.
2
Let g(x) = -23*x + 5. Let r be g(-6). Suppose 66*l - 132 = 0, 3*z + 6*l = -0*l + l + 88. Calculate the greatest common divisor of r and z.
13
Let h be (-1 + 2)/((-6)/(-168)*4). Suppose -d + 17 = -3*i, -h*d + i = -2*d - 43. Suppose 136*j - 143*j = -7. Calculate the highest common divisor of j and d.
1
Let x be (125/75)/(5/240). What is the highest common factor of x and 4520?
40
Let g be (-10)/(-35) + 12/7. Let d = -14819 + 15025. Calculate the greatest common divisor of d and g.
2
Suppose 127*q - 129*q = 5*m - 55946, -m + 11196 = -3*q. Calculate the highest common factor of m and 12.
6
Let q be 4/3*(-369)/(-164). Suppose q*c - 262 - 683 = 0. Calculate the highest common divisor of 15 and c.
15
Suppose 5*w - 2749 = 1841. Suppose 64 - 42 = u + 4*o, -2*u + 59 = 3*o. Calculate the highest common factor of w and u.
34
Suppose -4661 = -19*k - 1070. Calculate the greatest common factor of 1953 and k.
63
Let a be (3/2)/((-33)/(-88)). Suppose x - 12 = -4*u + a*x, 0 = -4*u - 4*x + 40. What is the greatest common divisor of 102 and u?
6
Suppose 42*n - 43*n = 3. Let r(b) = -21*b + 6. Let x be r(n). Suppose -267 = -3*l - x. Calculate the highest common factor of l and 6.
6
Suppose -2*h + 1187 = 9*v + 109, v - 3*h - 123 = 0. What is the greatest common divisor of v and 260?
20
Let o(t) = -t**3 - 6*t**2 - 27. Let p be o(-8). Suppose p = -3*h + 560. Calculate the greatest common factor of h and 17.
17
Suppose -620 = 16*f - 828. Calculate the highest common divisor of f and 22763.
13
Let w(m) = 159*m**3 + 2*m**2 + 16*m - 17. Let l be w(1). What is the greatest common divisor of 64 and l?
32
Let v be (464/(-48) - -13)/(-3 + 452/150). What is the greatest common divisor of 20 and v?
10
Let t(y) = y**2 + 7*y + 2. Let i be t(5). Let o(w) = -28*w + 286. Let d be o(5). Let b = d - i. Calculate the highest common factor of 21 and b.
21
Suppose -19*t + 4 = -17*t. Suppose 9*q - 5*q + k = 316, 5*k = -t*q + 140. What is the highest common divisor of 10 and q?
10
Suppose 262 = -6*i + 772. Let y(u) = 8 - 4 - 87*u + i*u + 16. Let l be y(5). What is the greatest common divisor of 110 and l?
10
Let k(p) = -p**3 - 150*p**2 - 294*p + 337. Let o be k(-148). Calculate the greatest common factor of 24 and o.
1
Suppose -2*x + 35 = 3*x. Suppose -3*g = -4*z - 3, -2*z + 55 = 4*g + 29. Let o be g + 0 + 1*58/1. What is the greatest common divisor of x and o?
7
Let c = -7958 - -8976. Calculate the highest common factor of c and 2.
2
Let d be -6*(-15 - -2)/(6/2). Suppose 0 = 3*y + 2*y - n + 99, -5*y - 105 = 5*n. Let x = y + d. Calculate the greatest common divisor of x and 48.
6
Let u = 48 + -49. Let r be (-400)/(-10) + (-2 - u) + 0. Let l = r + -33. What is the highest common factor of l and 54?
6
Suppose 8 = -4*c, -3*u + 14206 = -12*c + 13*c. Calculate the greatest common divisor of u and 1152.
128
Let o(z) = z**3 + 18*z**2 + z + 76. Let r be o(-18). Let f be 580/r*(-48)/(-10). Calculate the highest common divisor of 32 and f.
16
Let h be ((-12)/(-18))/((-8)/12). Let x be ((-96)/8 - -34) + 4 + h. What is the highest common divisor of x and 475?
25
Let a(k) = -k**2 + 3*k + 175. Let i be a(0). Suppose -3*c = -10*c + i. What is the greatest common factor of c and 50?
25
Let k = 10 + 27. Suppose 48*s + 148 = 52*s. What is the highest common divisor of k and s?
37
Let v be (-5)/(-20)*(119 + -3). Let q = 75 - v. Let r = 133 + -18. Calculate the highest common divisor of r and q.
23
Let o = -5262 - -5379. Calculate the greatest common factor of o and 468.
117
Let f(v) be the first derivative of 1/4*v**4 + 6*v**2 - 14/3*v**3 - 9 + 17*v. Let c be f(13). What is the greatest common factor of 2 and c?
2
Let v be ((-24)/3)/(6/240). Let x be (v/96)/(2/(-9)). Calculate the greatest common divisor of 1065 and x.
15
Let d be (50 - -2) + 0/((-110)/10). Let i be 63/5 - (-4)/10. Suppose -7*n + 286 - i = 0. What is the highest common divisor of d and n?
13
Let i(c) = 838*c - 57816. Let y be i(69). Let q be 2*2*(0 + 1). Suppose 0 = -3*w + 4*b + 58, 2*b + 39 + 35 = q*w. What is the highest common divisor of y and w?
6
Suppose 0 = -5*m + 2275 + 85. Calculate the highest common factor of m and 354.
118
Suppose -807*w + 802*w = -2*o - 884, 2*w + 4*o = 344. Suppose u = 3*u - 88. What is the greatest common factor of w and u?
44
Suppose 2*n - 236 = -2*q, 2*q - 18*n + 22*n - 220 = 0. Let m = 5 - 3. Let l be m/(-5) - 276/(-15). What is the greatest common divisor of q and l?
18
Let w(c) = -1115 + 6*c + 16*c**2 - c**3 - 5*c + 1103. Let a be w(16). Suppose -6 = 4*t - 54. Calculate the greatest common factor of t and a.
4
Let z be (-616)/(-55)*(-3)/(9/30). Let r = z - -205. Calculate the highest common factor of r and 31.
31
Suppose -k - 3 = -3*a - 0, 0 = -2*a - 4*k + 16. Let x = 271 - 358. Let g = -86 - x. Calculate the greatest common divisor of g and a.
1
Let x(c) = -234*c + 255. Let u be x(0). What is the highest common divisor of u and 1360?
85
Let q be (-30)/9*-6*49/28. What is the highest common factor of q and 161?
7
Let m be 113*(-37)/((-444)/96). What is the greatest common factor of m and 3390?
226
Let d = 388 - 238. Let f be (-17 - (-31)/2)*-2. Calculate the highest common factor of f and d.
3
Let m = 183780 - 183591. Let k(l) = l**2 - 3*l - 1. Let g be k(-4). Calculate the greatest common factor of m and g.
27
Let p be (-1*1)/(3/(-27)). Suppose -16 = 4*r, -2*r - 3164 = -24*s + 20*s. Let y = 798 - s. Calculate the highest common divisor of y and p.
9
Let p(b) = -b**3 + 10*b**2 - 12*b + 30. Let u be p(9). Let a(i) = -i**3 + 7*i**2 + 2*i - 3. Let c be a(u). What is the highest common divisor of 26 and c?
13
Suppose 106*b - 6736 = 3016. What is the greatest common divisor of 12 and b?
4
Suppose 0 = -2*f - 3*n - 16, 4*f - 5*f = -2*n + 1. Let r(o) = 3*o + 45. Let z be r(f). What is the highest common divisor of 102 and z?
6
Let x(v) = -v**2 + 27*v - 13. Let k be x(10). Let t = 162 - k. What is the highest common factor of t and 1?
1
Let x be 4*(21/(-12) - -1)*-6. Suppose -8*n = -19 - 197. Suppose 180 = -n*d + 31*d. What is the greatest common divisor of d and x?
9
Let n = -1921 - -5761. What is the greatest common factor of n and 1200?
240
Suppose -756*l - 384 = -757*l. Calculate the greatest common divisor of l and 88.
8
Suppose -v - 172 = -2*y, -3*y - 2*v + 254 + 11 = 0. What is the greatest common divisor of y and 10353?
87
Let c = 8646 - 8628. Calculate the highest common divisor of 7713 and c.
9
Let v = -1877 - -1932. Suppose 2*z = 2*s + 2*s - 52, 4*z = -5*s + 91. Calculate the greatest common divisor of s and v.
5
Suppose 0 + 35 = 5*b. Suppose -21 - 7 = -b*v. Suppose -3*p + 16 = -32. What is the greatest common divisor of v and p?
4
Let p = -23210 + 23266. Calculate the greatest common divisor of p and 12908.
28
Let w = -431 + 807. Let n = w - 307. What is the greatest common divisor of 759 and n?
69
Let g(b) = 54*b - 21. Let i be g(4). Suppose 4*t - 715 = -i. Calculate the highest common divisor of t and 40.
10
Let o(r) = r**2 - 24*r + 4046. Let l be o(0). What is the greatest common divisor of 98 and l?
14
Let l(v) = 7*v - 26. Let b be l(13). Let n = -130 - -156. Calculate the highest common divisor of b and n.
13
Suppose -3 + 1 = -2*r, 5*a = -3*r + 2153. Let j = -703